 when 9246 is divided by 1514.
162
Calculate the remainder when 56187 is divided by 624.
27
What is the remainder when 75041 is divided by 99?
98
Calculate the remainder when 21443 is divided by 223.
35
What is the remainder when 3677 is divided by 731?
22
Calculate the remainder when 395612 is divided by 1017.
1016
Calculate the remainder when 5554 is divided by 168.
10
What is the remainder when 1657 is divided by 124?
45
Calculate the remainder when 486 is divided by 66.
24
What is the remainder when 303 is divided by 59?
8
What is the remainder when 8143 is divided by 363?
157
What is the remainder when 6083 is divided by 2758?
567
Calculate the remainder when 5169 is divided by 1.
0
What is the remainder when 26150 is divided by 56?
54
What is the remainder when 954350 is divided by 57?
56
Calculate the remainder when 10956 is divided by 281.
278
Calculate the remainder when 12835 is divided by 1539.
523
Calculate the remainder when 47302 is divided by 803.
728
Calculate the remainder when 11994 is divided by 60.
54
Calculate the remainder when 22713 is divided by 11337.
39
Calculate the remainder when 1682 is divided by 192.
146
What is the remainder when 76208 is divided by 17?
14
What is the remainder when 17438 is divided by 239?
230
What is the remainder when 147653 is divided by 2839?
25
What is the remainder when 909 is divided by 297?
18
Calculate the remainder when 1271 is divided by 36.
11
What is the remainder when 21814 is divided by 752?
6
Calculate the remainder when 1066 is divided by 674.
392
Calculate the remainder when 15126 is divided by 1373.
23
Calculate the remainder when 1616 is divided by 179.
5
What is the remainder when 26110 is divided by 2373?
7
Calculate the remainder when 3447 is divided by 1692.
63
What is the remainder when 923902 is divided by 768?
766
Calculate the remainder when 768 is divided by 370.
28
Calculate the remainder when 692 is divided by 48.
20
Calculate the remainder when 4414 is divided by 4.
2
What is the remainder when 221 is divided by 81?
59
What is the remainder when 1668 is divided by 543?
39
Calculate the remainder when 7032 is divided by 606.
366
Calculate the remainder when 2516229 is divided by 59.
56
What is the remainder when 31187 is divided by 10299?
290
What is the remainder when 27678 is divided by 9188?
114
Calculate the remainder when 3993 is divided by 3961.
32
What is the remainder when 38636 is divided by 19278?
80
What is the remainder when 20187 is divided by 1120?
27
Calculate the remainder when 58661 is divided by 782.
11
What is the remainder when 39362 is divided by 1233?
1139
Calculate the remainder when 75167 is divided by 232.
231
What is the remainder when 8343 is divided by 29?
20
What is the remainder when 30784 is divided by 15377?
30
Calculate the remainder when 579025 is divided by 43.
30
What is the remainder when 20480 is divided by 1281?
1265
What is the remainder when 15156 is divided by 288?
180
Calculate the remainder when 39625 is divided by 5660.
5
Calculate the remainder when 256124 is divided by 9.
2
What is the remainder when 1259159 is divided by 26?
5
What is the remainder when 107164 is divided by 35?
29
Calculate the remainder when 275 is divided by 34.
3
What is the remainder when 40696 is divided by 22?
18
Calculate the remainder when 5665 is divided by 1131.
10
Calculate the remainder when 139304 is divided by 57.
53
Calculate the remainder when 238392 is divided by 23.
20
Calculate the remainder when 2962 is divided by 579.
67
What is the remainder when 511098 is divided by 255540?
18
Calculate the remainder when 46445 is divided by 215.
5
Calculate the remainder when 43493 is divided by 179.
175
What is the remainder when 127616 is divided by 177?
176
Calculate the remainder when 31278 is divided by 2399.
91
Calculate the remainder when 723156 is divided by 19.
16
Calculate the remainder when 357756 is divided by 43.
39
What is the remainder when 2079 is divided by 19?
8
Calculate the remainder when 42870 is divided by 7145.
0
What is the remainder when 5999 is divided by 495?
59
What is the remainder when 1985 is divided by 638?
71
What is the remainder when 3995 is divided by 1988?
19
Calculate the remainder when 11715 is divided by 300.
15
What is the remainder when 29426 is divided by 90?
86
Calculate the remainder when 8822 is divided by 72.
38
Calculate the remainder when 51487 is divided by 579.
535
What is the remainder when 2862 is divided by 1074?
714
Calculate the remainder when 4373 is divided by 386.
127
What is the remainder when 488732 is divided by 7?
6
What is the remainder when 784 is divided by 778?
6
What is the remainder when 5668 is divided by 1400?
68
Calculate the remainder when 41302 is divided by 3436.
70
What is the remainder when 2376 is divided by 183?
180
What is the remainder when 48001 is divided by 18?
13
Calculate the remainder when 395245 is divided by 964.
5
Calculate the remainder when 1086389 is divided by 71.
18
Calculate the remainder when 3775 is divided by 1620.
535
Calculate the remainder when 403810 is divided by 18.
16
Calculate the remainder when 590146 is divided by 2078.
2072
Calculate the remainder when 73184 is divided by 171.
167
Calculate the remainder when 113426 is divided by 272.
2
What is the remainder when 4011 is divided by 18?
15
What is the remainder when 4594 is divided by 219?
214
What is the remainder when 344824 is divided by 31?
11
Calculate the remainder when 42875 is divided by 10683.
143
What is the remainder when 21389 is divided by 268?
217
Calculate the remainder when 877303 is divided by 53.
47
Calculate the remainder when 1403133 is divided by 29.
26
What is the remainder when 2286 is divided by 2108?
178
Calculate the remainder when 1286 is divided by 15.
11
What is the remainder when 13983 is divided by 4?
3
What is the remainder when 242 is divided by 25?
17
What is the remainder when 8212 is divided by 3758?
696
What is the remainder when 28340 is divided by 125?
90
What is the remainder when 6263 is divided by 6263?
0
Calculate the remainder when 2212 is divided by 310.
42
What is the remainder when 31029 is divided by 414?
393
What is the remainder when 9636 is divided by 83?
8
Calculate the remainder when 50482 is divided by 360.
82
Calculate the remainder when 5296 is divided by 3.
1
Calculate the remainder when 201 is divided by 9.
3
Calculate the remainder when 2492 is divided by 829.
5
What is the remainder when 77229 is divided by 1430?
9
Calculate the remainder when 310105 is divided by 47.
46
Calculate the remainder when 1573 is divided by 21.
19
What is the remainder when 32889 is divided by 32?
25
What is the remainder when 383 is divided by 123?
14
What is the remainder when 7099 is divided by 1074?
655
Calculate the remainder when 1435 is divided by 299.
239
Calculate the remainder when 16107 is divided by 461.
433
Calculate the remainder when 9193 is divided by 4574.
45
Calculate the remainder when 19208 is divided by 533.
20
What is the remainder when 241535 is divided by 11?
8
Calculate the remainder when 28205 is divided by 98.
79
Calculate the remainder when 65595 is divided by 426.
417
What is the remainder when 500934 is divided by 39?
18
What is the remainder when 338659 is divided by 48?
19
What is the remainder when 12767 is divided by 12?
11
Calculate the remainder when 5354 is divided by 173.
164
Calculate the remainder when 7716 is divided by 2346.
678
What is the remainder when 1128367 is divided by 56?
23
What is the remainder when 107131 is divided by 337?
302
Calculate the remainder when 1496 is divided by 119.
68
Calculate the remainder when 16956 is divided by 18.
0
What is the remainder when 84294 is divided by 6482?
28
What is the remainder when 1498 is divided by 72?
58
Calculate the remainder when 12670 is divided by 195.
190
Calculate the remainder when 1684 is divided by 26.
20
Calculate the remainder when 202107 is divided by 67365.
12
Calculate the remainder when 4610174 is divided by 13.
10
Calculate the remainder when 1857924 is divided by 14.
12
Calculate the remainder when 6411 is divided by 74.
47
What is the remainder when 222749 is divided by 206?
63
What is the remainder when 176630 is divided by 833?
34
C